c + 6. Suppose 7 = i - 2*y, -5*i + 8 - 1 = 4*y. Suppose -3*d + 4*b = -15, b - 10 = -5*d + i*d. Suppose 4 = d*s - 4*s. Calculate j(s).
10
Let v(j) = 87*j - 59. Let d(l) = 390*l - 231. Let q(w) = 2*d(w) - 9*v(w). What is q(-17)?
120
Let z(b) = 29*b - 8. Let j(y) = 27*y - 11. Let g(h) = 5*j(h) - 6*z(h). What is g(-2)?
71
Let b = -117 - -127. Let t(o) = 570*o**3 + 8*o - 283*o**3 + 2 - 286*o**3 - 5 + b*o**2. Determine t(-9).
6
Let w(u) be the first derivative of u**4/4 - 4*u**3/3 + 2*u**2 + 6*u - 1369. What is w(3)?
9
Let w(a) = -a**2 + a + 7. Suppose -9871*u + 6 = -9874*u. What is w(u)?
1
Suppose 33 = -20*u - 5*u + 233. Let j(n) = -3*n**3 + 22*n**2 + 20*n - 12. Determine j(u).
20
Let a(d) = -20*d**2 - 46*d**3 + 1 - d + 52*d**2 - 17*d**2 + 1 - 16*d**2. Give a(1).
-46
Let h = 41746 + -41752. Let b(j) = 7*j**2 + j**3 + 8*j - 3 + 8 + 0*j. Determine b(h).
-7
Let s = 3442 - 3425. Let q(n) be the first derivative of -1/2*n**2 - s + 2*n. What is q(6)?
-4
Suppose 3*b = -5*d + 18, -2*b + 14 = 2*d + 2. Let k(q) be the first derivative of 0*q + 290 + 1/4*q**4 + 1/2*q**2 - 2*q**3. What is k(b)?
6
Let j(k) = 7*k - 67. Let q(n) = n - 17. Let y(s) = -j(s) + 6*q(s). Give y(0).
-35
Suppose -5 = 5*g + 3*x, -2*g + 4*x = -21 + 49. Let b(c) = -c + 2 - 3 + 2. What is b(g)?
5
Let z(c) be the third derivative of -c**4/6 - 25*c**3/3 + 2*c**2 + 11*c. Give z(-14).
6
Let p(k) = 5*k**3 - 5*k**2 - 3*k - 11. Let c(t) = 7*t**3 - 5*t**2 - t - 13. Let i(a) = -2*c(a) + 3*p(a). What is i(6)?
-13
Suppose -596 = 10*q + 134. Let m = 67 + q. Let c(z) = 7*z. Let p(k) = 3*k. Let g(u) = -4*c(u) + 9*p(u). Determine g(m).
6
Let j(q) be the first derivative of q**3/3 - 3*q**2 + 10*q - 1196. Determine j(4).
2
Let a(g) = -g**3 + 25*g**2 + 169*g - 3723. Let p be a(26). Let n(o) = 0*o + 7*o - 3*o + 6. Calculate n(p).
-14
Let p(j) = 2*j**3 + j**2 - 2*j + 1. Suppose -28*s + 23*s + 20 = 0. Suppose 8*h - 4*h = -s, -2*n - 1 = 3*h. Give p(n).
2
Let v(t) be the first derivative of -t**7/840 - t**6/60 + t**5/15 + 7*t**4/12 + 31*t**3 + 39. Let r(s) be the third derivative of v(s). Give r(-7).
7
Let u(y) = y**2 + 22*y + 61. Suppose 0 = -5*i + 2*l - 98, 16*i - 15*i + 3*l + 6 = 0. What is u(i)?
-11
Suppose w + 3*c - 18 = 4*c, -4*c = 3*w - 33. Let z be ((-18)/w)/(-1)*(-80)/(-6). Suppose 9*x = z*x + 21. Let t(o) = -o**3 - 5*o**2 - 3*o. Determine t(x).
-9
Let r be 57*(-3)/(-27) - ((-3)/(-9) + -1). Let s(z) = -z**3 + 7*z**2 + z + 1. Determine s(r).
8
Let i(n) = -9*n**2 - 238 - 3*n - 225 - 229 - 5*n + 690. Determine i(-3).
-59
Let t(n) be the second derivative of -n**5/4 - n**4/12 + 7*n**3/6 - 3*n**2 - 88*n. What is t(1)?
-5
Suppose -31 = 6*u + 30 - 55. Let h(q) = -7*q**2. What is h(u)?
-7
Suppose 0 = 5*l - 4 + 19. Let p be 16 + -9 - (0 + l). Let z(d) = 2*d - 12. Give z(p).
8
Suppose 7*m = 8*m + 5*q - 78, 75 = m + 4*q. Let a(f) = -3 + 64*f - 126*f - 3 + m*f. Calculate a(-10).
-16
Let z(w) = w**3 - 9*w**2 + 10*w - 12. Let o be 16*2/12*3. Let n be z(o). Let b(l) = -8*l + 3 + 2*l + 5*l**2 - 2*l**2 - l**2. Give b(n).
11
Let r(d) be the second derivative of d**6/720 + 7*d**5/60 - 67*d**4/4 - 4*d. Let m(c) be the third derivative of r(c). Determine m(0).
14
Let g(t) = -2*t + 25. Suppose 78 - 82 = 2*i - 4*j, 0 = -4*i + j + 27. What is g(i)?
9
Let k(b) be the third derivative of b**7/2520 + b**6/80 - b**5/60 - 139*b**4/24 - 43*b**2. Let h(q) be the second derivative of k(q). What is h(-8)?
-10
Let y be (-4)/14 + 2343/(-497). Let c(v) = v**3 + 6*v**2 - 5*v + 8. Calculate c(y).
58
Let w(q) = 41*q**2 - q. Let b = 301 + -303. Let r(d) = 17*d + 35. Let i be r(b). Give w(i).
40
Let q(f) be the first derivative of -6*f + 3/2*f**2 - 14. Suppose 0 = -14*m + 7*m + 42. Determine q(m).
12
Suppose 4*a - 2*v - 13 - 13 = 0, -3*a + 5*v + 30 = 0. Let o(z) = -3 + z**2 + 0*z**2 + 5 + 3 + a*z. Let g = 2455 + -2459. Determine o(g).
1
Let f(g) = -g + 1. Let y(k) = -k - 8. Let m(p) = 2*f(p) + y(p). Let t = 180 + -81. Let s = 94 - t. Determine m(s).
9
Let z(t) = -106*t + 613. Let k(x) = -21*x + 122. Let g(b) = 29*k(b) - 6*z(b). Determine g(5).
-5
Let o(x) = -117*x - 3. Let a(l) = 359*l + 11. Let r(s) = 2*a(s) + 7*o(s). Determine r(1).
-100
Let x(z) = z + 12. Let p(c) be the second derivative of -7*c**2 - 85*c. Let o(y) = -3*p(y) - 4*x(y). Give o(-4).
10
Let g = -3434 + 3444. Let o(w) = w**3 - 12*w**2 + 17*w + 12. Calculate o(g).
-18
Let w(u) be the second derivative of -5/2*u**2 - 2/3*u**3 - 90*u + 1/12*u**4 + 0. Calculate w(5).
0
Let v(x) be the first derivative of -2*x**3/3 + 9*x**2/2 - 2*x - 280. Suppose 2 - 16 = -2*l. What is v(l)?
-37
Let m(o) be the first derivative of o**4 - 2*o**3/3 + 4*o + 3442. What is m(-2)?
-36
Suppose -28*g + 7*g - 110 = -11*g. Let u(i) = -15*i - 150. Give u(g).
15
Let n(r) = r**3 - 11*r**2 - 11*r - 9. Suppose 30 = -7*w + 366. Suppose 4*z + 4*t - 4 = w, -9 = -z + 3*t. Calculate n(z).
3
Let m(v) = -3 + 0*v - 5*v + 0*v**2 - v**2 - 5 + 31. Give m(-8).
-1
Let v(j) = 3*j + j**2 - 13 + 1 + 5 - 1. Suppose -7*y - 214 = 94*y + 493. Give v(y).
20
Let k(v) = -v**3 + 7*v**2 - 148*v + 855. Let d be k(6). Let w(a) = -5*a + 13. Let j(b) = 4*b - 12. Let n(h) = 4*j(h) + 3*w(h). Give n(d).
-6
Let q(f) = -2*f - 8. Let j(z) = 34*z**2 + 7*z + 8*z**2 - 8 - 19*z**2 + 14*z**2. Let p be j(1). Suppose -7*c - p - 13 = 0. What is q(c)?
6
Let d = -48 - -41. Let k(r) = 16*r**3 + 19*r**2 - 18*r + 19. Let t(c) = -9*c**3 - 10*c**2 + 9*c - 10. Let x(s) = -4*k(s) - 7*t(s). Give x(d).
-20
Let v(d) = -d**2 + 10*d - 1. Let t(s) = -s**2 + 10*s - 1. Let y(w) = -3*t(w) + 2*v(w). Let g = 0 - -10. Calculate y(g).
1
Let x(f) = -f**2 + 5*f + 22. Suppose 13*k + 2*j = 14*k - 1, -4*j + 34 = 2*k. Determine x(k).
-14
Let v(u) = -u**3 + 9*u**2 - 7*u - 3. Let d be v(8). Let w = -12 + d. Let j(h) be the second derivative of -h**4/12 - 3*h**3/2 - 7*h**2/2 - 2*h - 707. Give j(w).
7
Let h(b) = -180*b + 63. Let n(d) be the first derivative of 11*d**2/2 - 4*d - 114. Let m(p) = 2*h(p) + 33*n(p). Calculate m(6).
12
Suppose 311 + 1489 = 24*y. Suppose 0 = -19*a + 20 + y. Let r(h) = h - 7. Give r(a).
-2
Let l(a) = -a**2 - 6*a + 26. Suppose -36*u = -2*u + 340. Determine l(u).
-14
Let p(u) be the first derivative of 13*u**2 + u - 13. Suppose 7*k = 164 - 157. Calculate p(k).
27
Let d(i) be the first derivative of -i**2/2 - 25*i - 2160. What is d(-9)?
-16
Let y(p) be the first derivative of 1/2*p**2 - 50 + 3*p. Calculate y(7).
10
Let x be 4/((-8)/(-150)) + 3. Let d = x - 70. Let w(y) = 2*y + 8. Determine w(d).
24
Let u be 1/((-65)/(-20) - 3). Suppose -4*d = 4, 2*q = -0*d + u*d + 14. Let c(p) = p**2 + 24 - 6 + q. Determine c(0).
23
Let p(s) = -s**2 + 6*s + 11. Let o(f) = -63*f - 1317. Let n be o(-21). Determine p(n).
11
Let n(a) = 1. Let f(c) = -c**2 + 14*c - 38. Let q(r) = -f(r) - 3*n(r). Calculate q(11).
2
Let q(b) = b**2 - 25*b + 107. Let c be 2 + 25 + -4 + -19. Calculate q(c).
23
Let c(m) be the third derivative of 13*m**5/120 - m**4/24 + 5*m**3/2 + 7*m**2 + 8*m. Let g(r) be the first derivative of c(r). Determine g(-1).
-14
Let p(b) = -25*b**2 - 12*b + 5. Let l(f) = 71*f**2 + 34*f - 13. Let s(d) = -6*l(d) - 17*p(d). Calculate s(4).
-23
Suppose -2*z + 25 - 11 = 0. Let q(t) be the second derivative of t**3/6 - t**2/2 + t + 256. Let f be q(z). Let a(p) = -p + 6. Determine a(f).
0
Suppose 5 = -5*k - 0*k. Let j(g) = -g**2 + 6*g + 3. Let f(x) = -x - 1. Let i(r) = k*j(r) + 2*f(r). Give i(8).
-5
Let h(w) = 2*w**2 - 4*w - 4. Let l = 78 + -50. Let p be (24/9)/(l/42). Determine h(p).
12
Let w be 1/((56/14)/20). Let h(c) = 3*c - 25. Give h(w).
-10
Let a = 48 + -41. Let i(k) = k + 3*k - a*k + 7. Suppose m + 8 = 2*m + 2*d, -4*m + 25 = d. What is i(m)?
-11
Suppose 0 = x - 11 + 7. Let v(q) be the third derivative of q**5/60 - 5*q**4/24 - q**3/3 - 120*q**2. Determine v(x).
-6
Let i = 1074/31 - 25745/744. Let b(h) be the third derivative of 0*h + 1/2*h**3 + 0 - h**2 - i*h**4. Determine b(4).
-1
Let t(y) = -265*y + 518*y - 237*y - 27 - 10. What is t(3)?
11
Let t(o) = -o**3 + 32*o**2 - 5*o + 101. Let h = 23287 + -23255. What is t(h)?
-59
Let n(k) = -90*k - 1155. Let l(v) = -11*v - 140. Let w(m) = 33*l(m) - 4*n(m). Calculate w(-5).
15
Suppose 5*a + 202 = -f - 150, -6 = 3*f. Let w = a - -130. Let l = w - 59. Let x(c) = 5*c**3 - 2*c**2 + c. Calculate x(l).
4
Let n = -176 - -155. Let o be (n/(-35